{"id":7027,"date":"2025-10-22T15:30:55","date_gmt":"2025-10-22T13:30:55","guid":{"rendered":"https:\/\/swiss-bike-rental.ch\/?post_type=product&#038;p=7027"},"modified":"2025-10-22T16:04:30","modified_gmt":"2025-10-22T14:04:30","slug":"kalkhoff-endeavour-l-move-taille-m","status":"publish","type":"product","link":"https:\/\/swiss-bike-rental.ch\/de\/produit\/kalkhoff-endeavour-l-move-taille-m\/","title":{"rendered":"Kalkhoff Endeavour L Move (taille M)"},"content":{"rendered":"<p style=\"text-align: center;\"><strong>VTC \u00e9lectrique Kalkhoff Endeavour L Move (400 Wh)<\/strong><\/p>\n<p>V\u00e9lo de trekking polyvalent, le Endeavour L n&#8217;h\u00e9site pas \u00e0 emprunter les raccourcis sur les chemins pour arriver plus vite \u00e0 destination. Excellent au quotidien, il se distingue pas sa conduite l\u00e9g\u00e8re et fluide, qui rend vos d\u00e9placements \u00e0 v\u00e9lo encore plus faciles.<\/p>\n","protected":false},"excerpt":{"rendered":"<p>Particuli\u00e8rement l\u00e9ger, environ 22 kg &#8211; Autonomie jusqu&#8217;\u00e0 80 km*<\/p>\n<p>Prix d\u00e9gressif :<\/p>\n<div class=\"day-ranges-pricing-plan\"><span class=\"range-days\">2 \u00e0 3 jours <b>-10%<\/b><\/span><\/div>\n<div class=\"day-ranges-pricing-plan\"><span class=\"range-days\">3 \u00e0 5 jours <b>-15%<\/b><\/span><\/div>\n<div class=\"day-ranges-pricing-plan\"><span class=\"range-days\">5 \u00e0 8 jours <b>-20%<\/b><\/span><\/div>\n<div class=\"day-ranges-pricing-plan\"><span class=\"range-days\">8 \u00e0 12 jours <b>-25%<\/b><\/span><\/div>\n","protected":false},"featured_media":7028,"template":"","meta":[],"product_brand":[],"product_cat":[65,69,74,66],"product_tag":[],"class_list":{"0":"post-7027","1":"product","2":"type-product","3":"status-publish","4":"has-post-thumbnail","6":"product_cat-a-la-ville","7":"product_cat-en-solo","8":"product_cat-tous-nos-velos","9":"product_cat-vae-ville-25","11":"first","12":"instock","13":"shipping-taxable","14":"purchasable","15":"product-type-redq_rental"},"yoast_head":"<!-- This site is optimized with the Yoast SEO plugin v27.5 - https:\/\/yoast.com\/product\/yoast-seo-wordpress\/ -->\n<title>Kalkhoff Endeavour L Move (taille M) - Swiss bike rental<\/title>\n<meta name=\"robots\" content=\"index, follow, max-snippet:-1, max-image-preview:large, max-video-preview:-1\" \/>\n<link rel=\"canonical\" href=\"https:\/\/swiss-bike-rental.ch\/produit\/kalkhoff-endeavour-l-move-taille-m\/\" \/>\n<meta property=\"og:locale\" content=\"de_DE\" \/>\n<meta property=\"og:type\" content=\"article\" \/>\n<meta property=\"og:title\" content=\"Kalkhoff Endeavour L Move (taille M) - Swiss bike rental\" \/>\n<meta property=\"og:description\" content=\"Particuli\u00e8rement l\u00e9ger, environ 22 kg - Autonomie jusqu&#039;\u00e0 80 km*  Prix d\u00e9gressif : 2 \u00e0 3 jours -10% 3 \u00e0 5 jours -15% 5 \u00e0 8 jours -20% 8 \u00e0 12 jours -25%\" \/>\n<meta property=\"og:url\" content=\"https:\/\/swiss-bike-rental.ch\/produit\/kalkhoff-endeavour-l-move-taille-m\/\" \/>\n<meta property=\"og:site_name\" content=\"Swiss bike rental\" \/>\n<meta property=\"article:publisher\" content=\"https:\/\/www.facebook.com\/cyclablesuisse\" \/>\n<meta property=\"article:modified_time\" content=\"2025-10-22T14:04:30+00:00\" \/>\n<meta property=\"og:image\" content=\"https:\/\/swiss-bike-rental.ch\/wp-content\/uploads\/2025\/10\/6000_g9f01MvzGCI21Eou.webp\" \/>\n\t<meta property=\"og:image:width\" content=\"2500\" \/>\n\t<meta property=\"og:image:height\" content=\"1573\" \/>\n\t<meta property=\"og:image:type\" content=\"image\/webp\" \/>\n<meta name=\"twitter:card\" content=\"summary_large_image\" \/>\n<meta name=\"twitter:label1\" content=\"Gesch\u00e4tzte Lesezeit\" \/>\n\t<meta name=\"twitter:data1\" content=\"1\u00a0Minute\" \/>\n<script type=\"application\/ld+json\" class=\"yoast-schema-graph\">{\"@context\":\"https:\\\/\\\/schema.org\",\"@graph\":[{\"@type\":\"WebPage\",\"@id\":\"https:\\\/\\\/swiss-bike-rental.ch\\\/produit\\\/kalkhoff-endeavour-l-move-taille-m\\\/\",\"url\":\"https:\\\/\\\/swiss-bike-rental.ch\\\/produit\\\/kalkhoff-endeavour-l-move-taille-m\\\/\",\"name\":\"Kalkhoff Endeavour L Move (taille M) - Swiss bike rental\",\"isPartOf\":{\"@id\":\"https:\\\/\\\/swiss-bike-rental.ch\\\/#website\"},\"primaryImageOfPage\":{\"@id\":\"https:\\\/\\\/swiss-bike-rental.ch\\\/produit\\\/kalkhoff-endeavour-l-move-taille-m\\\/#primaryimage\"},\"image\":{\"@id\":\"https:\\\/\\\/swiss-bike-rental.ch\\\/produit\\\/kalkhoff-endeavour-l-move-taille-m\\\/#primaryimage\"},\"thumbnailUrl\":\"https:\\\/\\\/swiss-bike-rental.ch\\\/wp-content\\\/uploads\\\/2025\\\/10\\\/6000_g9f01MvzGCI21Eou.webp\",\"datePublished\":\"2025-10-22T13:30:55+00:00\",\"dateModified\":\"2025-10-22T14:04:30+00:00\",\"breadcrumb\":{\"@id\":\"https:\\\/\\\/swiss-bike-rental.ch\\\/produit\\\/kalkhoff-endeavour-l-move-taille-m\\\/#breadcrumb\"},\"inLanguage\":\"de\",\"potentialAction\":[{\"@type\":\"ReadAction\",\"target\":[\"https:\\\/\\\/swiss-bike-rental.ch\\\/produit\\\/kalkhoff-endeavour-l-move-taille-m\\\/\"]}]},{\"@type\":\"ImageObject\",\"inLanguage\":\"de\",\"@id\":\"https:\\\/\\\/swiss-bike-rental.ch\\\/produit\\\/kalkhoff-endeavour-l-move-taille-m\\\/#primaryimage\",\"url\":\"https:\\\/\\\/swiss-bike-rental.ch\\\/wp-content\\\/uploads\\\/2025\\\/10\\\/6000_g9f01MvzGCI21Eou.webp\",\"contentUrl\":\"https:\\\/\\\/swiss-bike-rental.ch\\\/wp-content\\\/uploads\\\/2025\\\/10\\\/6000_g9f01MvzGCI21Eou.webp\",\"width\":2500,\"height\":1573},{\"@type\":\"BreadcrumbList\",\"@id\":\"https:\\\/\\\/swiss-bike-rental.ch\\\/produit\\\/kalkhoff-endeavour-l-move-taille-m\\\/#breadcrumb\",\"itemListElement\":[{\"@type\":\"ListItem\",\"position\":1,\"name\":\"Accueil\",\"item\":\"https:\\\/\\\/swiss-bike-rental.ch\\\/de\\\/\"},{\"@type\":\"ListItem\",\"position\":2,\"name\":\"Nos v\u00e9los en location\",\"item\":\"https:\\\/\\\/swiss-bike-rental.ch\\\/boutique\\\/\"},{\"@type\":\"ListItem\",\"position\":3,\"name\":\"Kalkhoff Endeavour L Move (taille M)\"}]},{\"@type\":\"WebSite\",\"@id\":\"https:\\\/\\\/swiss-bike-rental.ch\\\/#website\",\"url\":\"https:\\\/\\\/swiss-bike-rental.ch\\\/\",\"name\":\"Swiss Bike Rental\",\"description\":\"D\u00e9vouvrez les bords du L\u00e9man en v\u00e9lo \u00e9lectrique !\",\"publisher\":{\"@id\":\"https:\\\/\\\/swiss-bike-rental.ch\\\/#organization\"},\"potentialAction\":[{\"@type\":\"SearchAction\",\"target\":{\"@type\":\"EntryPoint\",\"urlTemplate\":\"https:\\\/\\\/swiss-bike-rental.ch\\\/?s={search_term_string}\"},\"query-input\":{\"@type\":\"PropertyValueSpecification\",\"valueRequired\":true,\"valueName\":\"search_term_string\"}}],\"inLanguage\":\"de\"},{\"@type\":\"Organization\",\"@id\":\"https:\\\/\\\/swiss-bike-rental.ch\\\/#organization\",\"name\":\"Swiss Bike Rental\",\"url\":\"https:\\\/\\\/swiss-bike-rental.ch\\\/\",\"logo\":{\"@type\":\"ImageObject\",\"inLanguage\":\"de\",\"@id\":\"https:\\\/\\\/swiss-bike-rental.ch\\\/#\\\/schema\\\/logo\\\/image\\\/\",\"url\":\"https:\\\/\\\/swiss-bike-rental.ch\\\/wp-content\\\/uploads\\\/2023\\\/03\\\/logo_location.png\",\"contentUrl\":\"https:\\\/\\\/swiss-bike-rental.ch\\\/wp-content\\\/uploads\\\/2023\\\/03\\\/logo_location.png\",\"width\":663,\"height\":255,\"caption\":\"Swiss Bike Rental\"},\"image\":{\"@id\":\"https:\\\/\\\/swiss-bike-rental.ch\\\/#\\\/schema\\\/logo\\\/image\\\/\"},\"sameAs\":[\"https:\\\/\\\/www.facebook.com\\\/cyclablesuisse\",\"https:\\\/\\\/www.instagram.com\\\/cyclable_suisse\\\/\"]}]}<\/script>\n<!-- \/ Yoast SEO plugin. -->","yoast_head_json":{"title":"Kalkhoff Endeavour L Move (taille M) - Swiss bike rental","robots":{"index":"index","follow":"follow","max-snippet":"max-snippet:-1","max-image-preview":"max-image-preview:large","max-video-preview":"max-video-preview:-1"},"canonical":"https:\/\/swiss-bike-rental.ch\/produit\/kalkhoff-endeavour-l-move-taille-m\/","og_locale":"de_DE","og_type":"article","og_title":"Kalkhoff Endeavour L Move (taille M) - Swiss bike rental","og_description":"Particuli\u00e8rement l\u00e9ger, environ 22 kg - Autonomie jusqu'\u00e0 80 km*  Prix d\u00e9gressif : 2 \u00e0 3 jours -10% 3 \u00e0 5 jours -15% 5 \u00e0 8 jours -20% 8 \u00e0 12 jours -25%","og_url":"https:\/\/swiss-bike-rental.ch\/produit\/kalkhoff-endeavour-l-move-taille-m\/","og_site_name":"Swiss bike rental","article_publisher":"https:\/\/www.facebook.com\/cyclablesuisse","article_modified_time":"2025-10-22T14:04:30+00:00","og_image":[{"width":2500,"height":1573,"url":"https:\/\/swiss-bike-rental.ch\/wp-content\/uploads\/2025\/10\/6000_g9f01MvzGCI21Eou.webp","type":"image\/webp"}],"twitter_card":"summary_large_image","twitter_misc":{"Gesch\u00e4tzte Lesezeit":"1\u00a0Minute"},"schema":{"@context":"https:\/\/schema.org","@graph":[{"@type":"WebPage","@id":"https:\/\/swiss-bike-rental.ch\/produit\/kalkhoff-endeavour-l-move-taille-m\/","url":"https:\/\/swiss-bike-rental.ch\/produit\/kalkhoff-endeavour-l-move-taille-m\/","name":"Kalkhoff Endeavour L Move (taille M) - Swiss bike rental","isPartOf":{"@id":"https:\/\/swiss-bike-rental.ch\/#website"},"primaryImageOfPage":{"@id":"https:\/\/swiss-bike-rental.ch\/produit\/kalkhoff-endeavour-l-move-taille-m\/#primaryimage"},"image":{"@id":"https:\/\/swiss-bike-rental.ch\/produit\/kalkhoff-endeavour-l-move-taille-m\/#primaryimage"},"thumbnailUrl":"https:\/\/swiss-bike-rental.ch\/wp-content\/uploads\/2025\/10\/6000_g9f01MvzGCI21Eou.webp","datePublished":"2025-10-22T13:30:55+00:00","dateModified":"2025-10-22T14:04:30+00:00","breadcrumb":{"@id":"https:\/\/swiss-bike-rental.ch\/produit\/kalkhoff-endeavour-l-move-taille-m\/#breadcrumb"},"inLanguage":"de","potentialAction":[{"@type":"ReadAction","target":["https:\/\/swiss-bike-rental.ch\/produit\/kalkhoff-endeavour-l-move-taille-m\/"]}]},{"@type":"ImageObject","inLanguage":"de","@id":"https:\/\/swiss-bike-rental.ch\/produit\/kalkhoff-endeavour-l-move-taille-m\/#primaryimage","url":"https:\/\/swiss-bike-rental.ch\/wp-content\/uploads\/2025\/10\/6000_g9f01MvzGCI21Eou.webp","contentUrl":"https:\/\/swiss-bike-rental.ch\/wp-content\/uploads\/2025\/10\/6000_g9f01MvzGCI21Eou.webp","width":2500,"height":1573},{"@type":"BreadcrumbList","@id":"https:\/\/swiss-bike-rental.ch\/produit\/kalkhoff-endeavour-l-move-taille-m\/#breadcrumb","itemListElement":[{"@type":"ListItem","position":1,"name":"Accueil","item":"https:\/\/swiss-bike-rental.ch\/de\/"},{"@type":"ListItem","position":2,"name":"Nos v\u00e9los en location","item":"https:\/\/swiss-bike-rental.ch\/boutique\/"},{"@type":"ListItem","position":3,"name":"Kalkhoff Endeavour L Move (taille M)"}]},{"@type":"WebSite","@id":"https:\/\/swiss-bike-rental.ch\/#website","url":"https:\/\/swiss-bike-rental.ch\/","name":"Swiss Bike Rental","description":"D\u00e9vouvrez les bords du L\u00e9man en v\u00e9lo \u00e9lectrique !","publisher":{"@id":"https:\/\/swiss-bike-rental.ch\/#organization"},"potentialAction":[{"@type":"SearchAction","target":{"@type":"EntryPoint","urlTemplate":"https:\/\/swiss-bike-rental.ch\/?s={search_term_string}"},"query-input":{"@type":"PropertyValueSpecification","valueRequired":true,"valueName":"search_term_string"}}],"inLanguage":"de"},{"@type":"Organization","@id":"https:\/\/swiss-bike-rental.ch\/#organization","name":"Swiss Bike Rental","url":"https:\/\/swiss-bike-rental.ch\/","logo":{"@type":"ImageObject","inLanguage":"de","@id":"https:\/\/swiss-bike-rental.ch\/#\/schema\/logo\/image\/","url":"https:\/\/swiss-bike-rental.ch\/wp-content\/uploads\/2023\/03\/logo_location.png","contentUrl":"https:\/\/swiss-bike-rental.ch\/wp-content\/uploads\/2023\/03\/logo_location.png","width":663,"height":255,"caption":"Swiss Bike Rental"},"image":{"@id":"https:\/\/swiss-bike-rental.ch\/#\/schema\/logo\/image\/"},"sameAs":["https:\/\/www.facebook.com\/cyclablesuisse","https:\/\/www.instagram.com\/cyclable_suisse\/"]}]}},"_links":{"self":[{"href":"https:\/\/swiss-bike-rental.ch\/de\/wp-json\/wp\/v2\/product\/7027","targetHints":{"allow":["GET"]}}],"collection":[{"href":"https:\/\/swiss-bike-rental.ch\/de\/wp-json\/wp\/v2\/product"}],"about":[{"href":"https:\/\/swiss-bike-rental.ch\/de\/wp-json\/wp\/v2\/types\/product"}],"wp:featuredmedia":[{"embeddable":true,"href":"https:\/\/swiss-bike-rental.ch\/de\/wp-json\/wp\/v2\/media\/7028"}],"wp:attachment":[{"href":"https:\/\/swiss-bike-rental.ch\/de\/wp-json\/wp\/v2\/media?parent=7027"}],"wp:term":[{"taxonomy":"product_brand","embeddable":true,"href":"https:\/\/swiss-bike-rental.ch\/de\/wp-json\/wp\/v2\/product_brand?post=7027"},{"taxonomy":"product_cat","embeddable":true,"href":"https:\/\/swiss-bike-rental.ch\/de\/wp-json\/wp\/v2\/product_cat?post=7027"},{"taxonomy":"product_tag","embeddable":true,"href":"https:\/\/swiss-bike-rental.ch\/de\/wp-json\/wp\/v2\/product_tag?post=7027"}],"curies":[{"name":"wp","href":"https:\/\/api.w.org\/{rel}","templated":true}]}}

<p style="text-align: center;"><strong>VTC électrique Kalkhoff Endeavour L Move (400 Wh)</strong></p>
<p>Vélo de trekking polyvalent, le Endeavour L n&#8217;hésite pas à emprunter les raccourcis sur les chemins pour arriver plus vite à destination. Excellent au quotidien, il se distingue pas sa conduite légère et fluide, qui rend vos déplacements à vélo encore plus faciles.</p>

<p>Particulièrement léger, environ 22 kg &#8211; Autonomie jusqu&#8217;à 80 km*</p>
<p>Prix dégressif :</p>
<div class="day-ranges-pricing-plan"><span class="range-days">2 à 3 jours <b>-10%</b></span></div>
<div class="day-ranges-pricing-plan"><span class="range-days">3 à 5 jours <b>-15%</b></span></div>
<div class="day-ranges-pricing-plan"><span class="range-days">5 à 8 jours <b>-20%</b></span></div>
<div class="day-ranges-pricing-plan"><span class="range-days">8 à 12 jours <b>-25%</b></span></div>

<!-- This site is optimized with the Yoast SEO plugin v27.5 - https://yoast.com/product/yoast-seo-wordpress/ -->
<title>Kalkhoff Endeavour L Move (taille M) - Swiss bike rental</title>
<meta name="robots" content="index, follow, max-snippet:-1, max-image-preview:large, max-video-preview:-1" />
<link rel="canonical" href="https://swiss-bike-rental.ch/produit/kalkhoff-endeavour-l-move-taille-m/" />
<meta property="og:locale" content="de_DE" />
<meta property="og:type" content="article" />
<meta property="og:title" content="Kalkhoff Endeavour L Move (taille M) - Swiss bike rental" />
<meta property="og:description" content="Particulièrement léger, environ 22 kg - Autonomie jusqu&#039;à 80 km*  Prix dégressif : 2 à 3 jours -10% 3 à 5 jours -15% 5 à 8 jours -20% 8 à 12 jours -25%" />
<meta property="og:url" content="https://swiss-bike-rental.ch/produit/kalkhoff-endeavour-l-move-taille-m/" />
<meta property="og:site_name" content="Swiss bike rental" />
<meta property="article:publisher" content="https://www.facebook.com/cyclablesuisse" />
<meta property="article:modified_time" content="2025-10-22T14:04:30+00:00" />
<meta property="og:image" content="https://swiss-bike-rental.ch/wp-content/uploads/2025/10/6000_g9f01MvzGCI21Eou.webp" />
	<meta property="og:image:width" content="2500" />
	<meta property="og:image:height" content="1573" />
	<meta property="og:image:type" content="image/webp" />
<meta name="twitter:card" content="summary_large_image" />
<meta name="twitter:label1" content="Geschätzte Lesezeit" />
	<meta name="twitter:data1" content="1 Minute" />
<script type="application/ld+json" class="yoast-schema-graph">{"@context":"https:\/\/schema.org","@graph":[{"@type":"WebPage","@id":"https:\/\/swiss-bike-rental.ch\/produit\/kalkhoff-endeavour-l-move-taille-m\/","url":"https:\/\/swiss-bike-rental.ch\/produit\/kalkhoff-endeavour-l-move-taille-m\/","name":"Kalkhoff Endeavour L Move (taille M) - Swiss bike rental","isPartOf":{"@id":"https:\/\/swiss-bike-rental.ch\/#website"},"primaryImageOfPage":{"@id":"https:\/\/swiss-bike-rental.ch\/produit\/kalkhoff-endeavour-l-move-taille-m\/#primaryimage"},"image":{"@id":"https:\/\/swiss-bike-rental.ch\/produit\/kalkhoff-endeavour-l-move-taille-m\/#primaryimage"},"thumbnailUrl":"https:\/\/swiss-bike-rental.ch\/wp-content\/uploads\/2025\/10\/6000_g9f01MvzGCI21Eou.webp","datePublished":"2025-10-22T13:30:55+00:00","dateModified":"2025-10-22T14:04:30+00:00","breadcrumb":{"@id":"https:\/\/swiss-bike-rental.ch\/produit\/kalkhoff-endeavour-l-move-taille-m\/#breadcrumb"},"inLanguage":"de","potentialAction":[{"@type":"ReadAction","target":["https:\/\/swiss-bike-rental.ch\/produit\/kalkhoff-endeavour-l-move-taille-m\/"]}]},{"@type":"ImageObject","inLanguage":"de","@id":"https:\/\/swiss-bike-rental.ch\/produit\/kalkhoff-endeavour-l-move-taille-m\/#primaryimage","url":"https:\/\/swiss-bike-rental.ch\/wp-content\/uploads\/2025\/10\/6000_g9f01MvzGCI21Eou.webp","contentUrl":"https:\/\/swiss-bike-rental.ch\/wp-content\/uploads\/2025\/10\/6000_g9f01MvzGCI21Eou.webp","width":2500,"height":1573},{"@type":"BreadcrumbList","@id":"https:\/\/swiss-bike-rental.ch\/produit\/kalkhoff-endeavour-l-move-taille-m\/#breadcrumb","itemListElement":[{"@type":"ListItem","position":1,"name":"Accueil","item":"https:\/\/swiss-bike-rental.ch\/de\/"},{"@type":"ListItem","position":2,"name":"Nos vélos en location","item":"https:\/\/swiss-bike-rental.ch\/boutique\/"},{"@type":"ListItem","position":3,"name":"Kalkhoff Endeavour L Move (taille M)"}]},{"@type":"WebSite","@id":"https:\/\/swiss-bike-rental.ch\/#website","url":"https:\/\/swiss-bike-rental.ch\/","name":"Swiss Bike Rental","description":"Dévouvrez les bords du Léman en vélo électrique !","publisher":{"@id":"https:\/\/swiss-bike-rental.ch\/#organization"},"potentialAction":[{"@type":"SearchAction","target":{"@type":"EntryPoint","urlTemplate":"https:\/\/swiss-bike-rental.ch\/?s={search_term_string}"},"query-input":{"@type":"PropertyValueSpecification","valueRequired":true,"valueName":"search_term_string"}}],"inLanguage":"de"},{"@type":"Organization","@id":"https:\/\/swiss-bike-rental.ch\/#organization","name":"Swiss Bike Rental","url":"https:\/\/swiss-bike-rental.ch\/","logo":{"@type":"ImageObject","inLanguage":"de","@id":"https:\/\/swiss-bike-rental.ch\/#\/schema\/logo\/image\/","url":"https:\/\/swiss-bike-rental.ch\/wp-content\/uploads\/2023\/03\/logo_location.png","contentUrl":"https:\/\/swiss-bike-rental.ch\/wp-content\/uploads\/2023\/03\/logo_location.png","width":663,"height":255,"caption":"Swiss Bike Rental"},"image":{"@id":"https:\/\/swiss-bike-rental.ch\/#\/schema\/logo\/image\/"},"sameAs":["https:\/\/www.facebook.com\/cyclablesuisse","https:\/\/www.instagram.com\/cyclable_suisse\/"]}]}</script>
<!-- / Yoast SEO plugin. -->

Particulièrement léger, environ 22 kg - Autonomie jusqu'à 80 km*  Prix dégressif : 2 à 3 jours -10% 3 à 5 jours -15% 5 à 8 jours -20% 8 à 12 jours -25%

Nos vélos en location

Dévouvrez les bords du Léman en vélo électrique !
